.
18
Let f be 6/(-1)*(-1 + -2). Let j = -551 - -553. What is the highest common divisor of j and f?
2
Suppose -9*o - 456 = 4764. Let j = o - -1849. What is the highest common factor of j and 27?
27
Suppose 16*p = 140510 - 76967 + 169977. Calculate the greatest common divisor of p and 15.
15
Let s be (-68)/374 + 510/22. What is the highest common factor of 1173 and s?
23
Suppose -270 = -86*h + 160. Calculate the greatest common divisor of h and 305.
5
Let d be (-7)/(266/(-72)) + (-22)/(-209). Let u be -7*(-1 + -79)/d. What is the greatest common factor of 112 and u?
56
Let b = 5477 + -5396. Let v be 325 - (0 - (-1)/1). Calculate the highest common factor of b and v.
81
Let b(d) = -3*d + 37. Suppose -21 = -7*t + 63. Suppose 4*v = -3*i - i + 48, v = 5*i + t. Let h be b(v). What is the highest common factor of h and 2?
1
Suppose -5*z = -10 + 760. Let a = z - -270. Calculate the greatest common divisor of 15 and a.
15
Let c = 3188 - 2676. What is the highest common divisor of 352 and c?
32
Suppose -20*b = -256272 - 19568. Calculate the greatest common divisor of 64 and b.
32
Let q(w) = -294*w**2 + 5*w + 11. Let m(v) = 59*v**2 - v - 2. Let n(p) = 11*m(p) + 2*q(p). Let h be n(1). What is the greatest common factor of h and 90?
30
Suppose -5*p = -4*h - 2, 4*p + 31*h + 11 = 36*h. Suppose -4*c - 4 + 28 = 0. What is the highest common factor of c and p?
6
Suppose -74 + 15 = -t - 4*j, 3*j - 193 = -5*t. What is the greatest common factor of t and 45?
5
Suppose 2*s = -0*s + 264. Let n(y) = -y**2 - 8*y + 22209. Let c be n(145). Calculate the highest common factor of s and c.
12
Let d = 287 - 203. Suppose -2*k - 5*g + 3*g + 56 = 0, -5*g = 0. What is the highest common divisor of k and d?
28
Let u be 15/25 - 1902/(-30). Suppose -16*h = -20*h + u. Let o be (-2)/8 - (-436)/h. Calculate the greatest common divisor of o and 9.
9
Let c be ((-44)/(-10))/(23/460). Let j = 528 - 517. Calculate the highest common divisor of c and j.
11
Let d be ((-1)/(-2))/((-1)/308). Let j = 178 + d. What is the greatest common divisor of 228 and j?
12
Let g(l) = -l**2 - 19*l - 36. Suppose -2*v + 16 = 2*v. Let z be (130/15)/(v/(-6)). Let d be g(z). Calculate the highest common factor of 6 and d.
6
Let h = -9968 + 10124. What is the highest common factor of 5512 and h?
52
Let m(q) = -q**3 + 43*q**2 - 125*q - 197. Let b be m(39). What is the highest common factor of b and 2576?
92
Let v be 14*(-12)/(-8) + (4 - 8). Let z be v + 1/(2/(-10)). Suppose 2*l + 5*f - 16 = -2*l, -4*f + 29 = 5*l. Calculate the greatest common factor of l and z.
3
Let t = -14748 + 14772. What is the greatest common factor of 1182 and t?
6
Let i = -382 + 467. Suppose 0 = -5*g + 4*h + i, -g = h + 3 - 20. Calculate the greatest common divisor of g and 833.
17
Let z be 226/4 + (2/4)/(-1). Let i be -73*3*(-5)/(-15). Let p = i - -87. What is the highest common divisor of p and z?
14
Let i = -347 - -345. Let r be 30/(-12)*i - -4. Suppose 5*c + 49 = 4*z, 0 = 3*c + c + 20. What is the greatest common factor of r and z?
3
Suppose -5*i - 55 = -5*u, 4*u + 4*i - 2*i = 26. Suppose 9*t - s = u*t + 97, -2 = -2*s. Calculate the greatest common factor of t and 28.
14
Let i be 4 + 1*2/2. Suppose -i*k + 4242 = k. Suppose 6*q - k = 217. Calculate the greatest common divisor of 14 and q.
14
Let l(i) = i**3 + 36*i**2 - 106*i - 399. Let a be l(-38). Calculate the highest common divisor of 78 and a.
39
Suppose 111 - 31 = 20*b. Let f(c) = 4*c**2 - 2*c - 14. Let i be (-13 + 4)/(-3) - -2. Let t be f(i). What is the greatest common divisor of b and t?
4
Suppose -11*a - 134 + 178 = 0. Suppose 18*v - 13*v - i - 83 = 0, -4*v + a*i = -76. What is the highest common divisor of 24 and v?
8
Suppose 4*u + 4*n + 3 = 39, n + 51 = 5*u. Suppose -684*r + 510*r = -27840. Suppose -u*h + r = -0*h. What is the highest common factor of h and 192?
16
Suppose 140*q = 147*q - 42. Suppose -q + 14 = -2*a, -4*s + 3*a = -28. Calculate the highest common factor of s and 92.
4
Suppose -37*k = -38*k + 4*m + 37, -5*k + 5*m = -95. What is the greatest common divisor of k and 26?
13
Suppose 2*n - 4496 = -14*n. Let b = 461 - n. Let k(l) = 4*l**3 - 4*l**2 + 3*l - 2. Let x be k(2). What is the highest common divisor of b and x?
20
Suppose 4*n - 32 = -12. Suppose -4*v + n = -15, 2*o - 5*v - 13 = 0. Let f = o + -8. Calculate the highest common divisor of 33 and f.
11
Let v = 27102 - 27079. Let k(z) = z + 10. Let m be k(-7). Suppose j = -m*j + 92. Calculate the greatest common divisor of v and j.
23
Let u be (2/(-4) - 3)/(3/(-198)). Let l = u - 144. Calculate the highest common factor of l and 3.
3
Suppose -135*t = -189*t + 225774. What is the greatest common factor of 113 and t?
113
Suppose -d - 3*g = 1, -2*d + 6*g - 5*g + 5 = 0. Suppose 3*q = 5*o - 413 + 2, -d*q - 246 = -3*o. Calculate the highest common factor of o and 42.
42
Let r = 1319 - 926. What is the highest common divisor of r and 24?
3
Let f = 41 - 17. Suppose -6*o - 2 = -26. Suppose 5*p - 30 = 4*v, o*p - p - 18 = 4*v. What is the highest common factor of f and p?
6
Suppose -14*l - 175 + 63 = 0. Let b be 8*(-220)/l*1. Calculate the greatest common factor of 44 and b.
44
Suppose 10*y = -233 + 23. Let b = 30 - y. What is the greatest common factor of 85 and b?
17
Let x = -94 - -99. Suppose 27 = -x*h + 587. What is the greatest common factor of 42 and h?
14
Let z be (4 + -2 + 2)*-2. Let r be (-10)/(-15)*(-12)/z. What is the greatest common divisor of 31 and r?
1
Let f(h) = -h**2 + 112. Let n be f(0). Let s be ((-168)/n)/((0 - -1)/(-6)). Calculate the highest common factor of 207 and s.
9
Let f be (29/((7 + -4)/(-9)))/(-3). What is the highest common factor of f and 7801?
29
Suppose -2*l - 2*l = -60. Let d = 28 + -15. Suppose 4*p - x + 3*x - 38 = 0, 0 = -p + 3*x + d. Calculate the greatest common factor of p and l.
5
Suppose -104 = -5*b - i, 3*b - 25*i = -26*i + 62. What is the highest common factor of 336 and b?
21
Suppose 32*f = -868 + 5668. What is the greatest common factor of 6 and f?
6
Suppose 4*g - 2303 - 6701 = -2*a, 3*g - 3*a = 6780. What is the highest common divisor of g and 230?
46
Let t = -504 + 924. Let u = t + -360. Calculate the greatest common factor of 120 and u.
60
Suppose -2*x + 15 = -1. Let u(g) = 3*g + 49. Suppose 69*m = 76*m + 21. Let r be u(m). Calculate the highest common factor of x and r.
8
Suppose -1553*y + 1585*y - 110400 = 0. Calculate the greatest common divisor of 30 and y.
30
Let f be 1/(-1) + 29 + 635. Let r(j) = -6*j**3 + 2*j**2 + 2*j - 1. Let l be r(-2). What is the greatest common divisor of f and l?
51
Let j be (-9)/((-54)/12) - (2 + 1). Let c be (-3 - j - -23) + 3. Let l(r) = r**2 - r - 4. Let u be l(-3). Calculate the highest common factor of u and c.
8
Let q be (-1 - -5)*(-15)/(-2). Let z = -492 - -472. Let l be ((5040/(-32))/(-35))/((-2)/z). What is the highest common factor of q and l?
15
Let m = -1168 + 1256. Calculate the highest common factor of m and 56.
8
Let w = 26262 + -9395. What is the highest common factor of 202 and w?
101
Let t(d) = -4*d**2 + 17*d**3 - 7 + 5*d - 16*d**3 + 2*d**2. Let l be t(2). What is the greatest common factor of 3 and l?
3
Let k be (16/(-12) - -2)*75/5. Calculate the highest common divisor of k and 2740.
10
Let b = -3028 + 3030. Calculate the greatest common divisor of b and 338.
2
Let n(j) = j**2 + 14*j - 29. Let h be n(-21). Let o = h - 105. What is the highest common factor of o and 13?
13
Let m(z) = z**2 + 25*z - 638. Let d be m(46). Calculate the highest common factor of 54 and d.
18
Let h = 106 + -69. Suppose 8*v - h = 59. Let l(s) = 7*s**2 - s. Let z be l(3). Calculate the highest common divisor of z and v.
12
Let k(o) = 186*o + 0*o**3 - 193*o - o**2 + o**3. Let l be k(4). Let r(a) = -51*a - 2. Let j be r(-2). What is the greatest common divisor of l and j?
20
Let w = 118 - 113. Suppose 5*y - 15 = -w*l, -l - 11 = -2*y + 1. Suppose 9*k - 4*k + 2*n - 41 = 0, k = -2*n + y. What is the greatest common factor of k and 117?
9
Let j(i) = -2*i**2 - 7*i + 24. Let d be j(-9). Let m = 165 + d. Calculate the highest common divisor of 10 and m.
10
Let s(n) = -22*n**2 - 6*n + 6. Let x be s(4). Let z = 595 + x. What is the highest common factor of z and 25?
25
Suppose 3*p = -5*d + 80, 2*p - 29 - 25 = -3*d. Suppose 550 = q - 5*z, q - z = 211 + 355. Wh